+ 44?
38
In base 2, what is -110 - -100001001?
100000011
In base 2, what is -11011111010 - 100?
-11011111110
In base 12, what is 2 + -502?
-500
In base 5, what is 13022 - 2?
13020
In base 6, what is -1153 - -2?
-1151
In base 8, what is 0 - -1201?
1201
In base 7, what is 52 - 4?
45
In base 12, what is -1 + 2b9?
2b8
In base 7, what is 0 - 124?
-124
In base 3, what is 20 + 1122?
1212
In base 8, what is 4643 + -4?
4637
In base 12, what is 22 + 6a?
90
In base 9, what is -1480 - 0?
-1480
In base 2, what is 10001 - -110010100?
110100101
In base 14, what is 81 - 4?
7b
In base 3, what is -10 + -1121?
-1201
In base 10, what is -168 - 64?
-232
In base 11, what is -389 - -2?
-387
In base 3, what is -2002121 + -12?
-2002210
In base 4, what is 13303 - 132?
13111
In base 5, what is 14224 - -4?
14233
In base 3, what is -1 - -2122?
2121
In base 7, what is -12 + 1266?
1254
In base 3, what is -21 + -22202?
-100000
In base 15, what is 18 + -a0?
-87
In base 10, what is 0 + 21?
21
In base 2, what is 1010111 + -10100?
1000011
In base 12, what is -4 + -894?
-898
In base 10, what is -13 + 13?
0
In base 15, what is -17e + 9?
-175
In base 10, what is -77 + 8?
-69
In base 7, what is -3 - 164?
-200
In base 2, what is 0 - -10000010011?
10000010011
In base 8, what is 0 + 115?
115
In base 7, what is 40 - -141?
211
In base 13, what is 974 + 1?
975
In base 2, what is -111011110 + 100011?
-110111011
In base 2, what is -11 + -1100111110011?
-1100111110110
In base 16, what is -5 + -2e?
-33
In base 4, what is 30 - -1100?
1130
In base 3, what is -10 - 10211?
-10221
In base 11, what is -6 + -5353?
-5359
In base 7, what is -4 + 11006?
11002
In base 2, what is 100001100111111 + -11?
100001100111100
In base 5, what is -2 + 2432?
2430
In base 4, what is 3 - 101?
-32
In base 4, what is -202 - 1020?
-1222
In base 12, what is 1 - 203?
-202
In base 5, what is 2010 - -1?
2011
In base 12, what is 592 - -1?
593
In base 11, what is 1 - 158a?
-1589
In base 10, what is 678 - 1?
677
In base 6, what is -334 + 5?
-325
In base 12, what is -10 + 91?
81
In base 4, what is 1032033 + 2?
1032101
In base 16, what is 100 - b?
f5
In base 5, what is 113 + -13?
100
In base 16, what is -5 + 605?
600
In base 3, what is 110 - -102021?
102201
In base 4, what is -11 - -212?
201
In base 9, what is -14 - -3?
-11
In base 11, what is 37 - -18?
54
In base 7, what is 63 - 106?
-13
In base 8, what is 174 + 2?
176
In base 12, what is -1 + a7?
a6
In base 16, what is 4 + -25?
-21
In base 8, what is 15 - 5?
10
In base 16, what is 435 - 5?
430
In base 12, what is 5 + 2440?
2445
In base 11, what is 1 - 127?
-126
In base 10, what is 249 - 8?
241
In base 5, what is -40130 + 1?
-40124
In base 5, what is -300221 - 2?
-300223
In base 8, what is 3 - -1?
4
In base 12, what is 2b7 - 4?
2b3
In base 15, what is -3 + -e9c?
-ea0
In base 15, what is -c6 + 4?
-c2
In base 8, what is 4 + 16?
22
In base 5, what is -11 + 4?
-2
In base 7, what is 0 - -42?
42
In base 14, what is -7d - 0?
-7d
In base 10, what is -465 - -3?
-462
In base 2, what is -10 + -1000?
-1010
In base 14, what is 34 + -22?
12
In base 11, what is a9 + 6?
104
In base 14, what is -bb - 7?
-c4
In base 5, what is 30 - 2?
23
In base 2, what is 100 - -11?
111
In base 7, what is 25 + -253?
-225
In base 15, what is 177 + -18?
15e
In base 16, what is fc + 6?
102
In base 9, what is -5168 + -2?
-5171
In base 16, what is 8 + 1?
9
In base 2, what is -10 + -11111010?
-11111100
In base 6, what is 1 - -245?
250
In base 14, what is -11c3 - -3?
-11c0
In base 9, what is -4 - -88?
84
In base 14, what is c5dc + -1?
c5db
In base 5, what is -321 + 0?
-321
In base 2, what is 101111 + 0?
101111
In base 11, what is 196 + 5?
1a0
In base 5, what is -4 - 10?
-14
In base 2, what is 110000 - 101?
101011
In base 14, what is -a + 1835?
1829
In base 4, what is -11210 + 11?
-11133
In base 7, what is -113 - 2?
-115
In base 8, what is 2 - 42?
-40
In base 7, what is -1112 + 3?
-1106
In base 6, what is 432 + -3?
425
In base 16, what is 2 - -1?
3
In base 6, what is -11 - 143?
-154
In base 11, what is 490 - -3?
493
In base 14, what is -16c + 3?
-169
In base 3, what is 1011021 + -10?
1011011
In base 12, what is -5 - 32?
-37
In base 4, what is -3 + -302?
-311
In base 8, what is -2261 - 1?
-2262
In base 6, what is 0 + 123?
123
In base 12, what is -82 + -4?
-86
In base 5, what is 24 + 40?
114
In base 12, what is -3b + 3?
-38
In base 2, what is -10 + 101000011?
101000001
In base 9, what is -833 - -15?
-817
In base 13, what is 3 + -258?
-255
In base 9, what is -2 - -3856?
3854
In base 9, what is -5 + -17?
-23
In base 3, what is 11121 - 0?
11121
In base 12, what is -11 + -108?
-119
In base 5, what is -44 + 244?
200
In base 2, what is 101010100000 + -10?
101010011110
In base 8, what is 257 - 5?
252
In base 13, what is 1 - 66?
-65
In base 3, what is -210 - 2?
-212
In base 7, what is -2 - -403?
401
In base 5, what is -242 - -143?
-44
In base 3, what is 1011 - -12?
1100
In base 5, what is 1012 + 4?
1021
In base 14, what is 26b - -b?
278
In base 6, what is -121 - -111?
-10
In base 3, what is -12102020 - -12?
-12102001
In base 8, what is -10343 - 3?
-10346
In base 2, what is 11 + -11010?
-10111
In base 3, what is 21 + 100?
121
In base 3, what is 1100002 - -1?
1100010
In base 12, what is 149 - -9?
156
In base 7, what is 3 - -645?
651
In base 6, what is -1 + -214?
-215
In base 4, what is -1321 + -2?
-1323
In base 14, what is -4 - 1031?
-1035
In base 12, what is -4 - -20?
18
In base 3, what is 0 + 11100?
11100
In base 2, what is -11110 - -10?
-11100
In base 4, what is 2 + -1333?
-1331
In base 6, what is 1342 + 4?
1350
In base 2, what is 1010000101 + 1011?
1010010000
In base 6, what is -30 - -1?
-25
In base 15, what is -311 + -4?
-315
In base 16, what is 24 - 28?
-4
In base 16, what is 4 + 11?
15
In base 10, what is 58 - 5?
53
In base 12, what is 19 - -20?
39
In base 10, what is -52 - 3?
-55
In base 4, what is -1 - -30?
23
In base 10, what is 11 - 6?
5
In base 12, what is -345 + 7?
-33a
In base 13, what is -4668 + 1?
-4667
In base 5, what is -10 + 441?
431
In base 5, what is -3 - -12013?
12010
In base 7, what is 2 - 425?
-423
In base 5, what is 14 + -342?
-323
In base 11, what is 4 + 274?
278
In base 16, what is -4 + f?
b
In base 12, what is 5 + -1764?
-175b
In base 15, what is 4 - 6e?
-6a
In base 8, what is 1 - -1203?
1204
In base 5, what is -4 - -1232?
1223
In base 16, what is 68b + 4?
68f
In base 14, what is 89dc - -4?
8a02
In base 11, what is 35 - -8?
42
In base 11, what is 1 - -10?
11
In base 7, what is 2324 + 4?
2331
In base 2, what is -1000 + 1001010001?
1001001001
In base 4, what is -3 + -12113?
-12122
In base 15, what is -2d + 8?
-25
In base 4, what is -1001 + 10213?
3212
In base 11, what is 1 + -126?
-125
In base 14, what is -497 - 3?
-49a
In base 9, what is 653 - 0?
653
In base 13, what is 1c - -9?
28
In base 13, what is 89 - -7?
93
In base 12, what is 1 - 65?
-64
In base 5, what is -230 + 141?
-34
In base 14, what is d + 4?
13
In base 3, what is -1 - 101?
-102
In base 15, what is -13a + -1?
-13b
In base 5, what is -2102 - 4?
-2111
In base 9, what is -5 + -82?
-87
In base 11, what is 609 + -5?
604
In base 14, what is -10 - -25?
15
In base 8, what is 42 - -5?
47
In base 11, what is -8 - 54?
-61
In base 8, what is -46 + -21?
-67
In base 9, what is 5 - -6?
12
In base 3, what is -2021 - 11?
-2102
In base 3, what is -122112 + 22?
-122020
In base 11, what is 3 + -2a7?
-2a4
In base 7, what is -1 + -3154?
-3155
In base 14, what is -26 - -7?
-1d
In base 5, what is 13 - -311?
324
In base 9, what is 20 - 3?
16
In base 12, what is -5b5 - 4?
-5b9
In base 6, what is 3 + -21353?
-21350
In base 7, what is -225 + 22?
-203
In base 2, what is -1111 - -1?
-1110
In base 7, what is -4 - -40?
33
In base 15, what is -be - 4?
-c3
In base 6, what is 255 + -12?
243
In base 14, what is -5 + 136d?
1368
In base 2, what is -110 - 111000111?
-111001101
In base 14, what is -6 + -8?
-10
In base 12, what is 13 - 19?
-6
In base 8, what is -4 + 61?
55
In base 7, what is 4123 + 1?
4124
In base 7, what is 5 - -4153?
4161
In base 15, what is -2 + 549?
547
In base 8, what is -16 - 24?
-42
In base 3, what is 12 - -201021?
201110
In base 7, what is -42 - -34?
-5
In base 8, what is -134 - -46?
-66
In base 7, what is -136 + 4?
-132
In base 10, what is 150 + -21?
